et u = -91 + 105. Let m = 7 - 3. Suppose -26 = -m*z + 6. Calculate the remainder when u is divided by z.
6
Let o = -129 + 180. What is the remainder when o is divided by 24?
3
Let q = -62 - -132. Suppose 4*y - 2*r - 56 = 0, -3*y + 36 - 8 = 2*r. What is the remainder when q is divided by y?
10
Suppose 32*x = 239 + 369. Calculate the remainder when x is divided by 9.
1
Suppose 0 = o + o. Suppose o = c - v - 16 - 24, 2*v = 6. What is the remainder when c is divided by (44/20)/((-11)/(-55))?
10
Let p be (-8)/(1*(-6 + 4)). Let y = -29 + -18. What is the remainder when 3 - (p/2 + y) is divided by 17?
14
Let l be 12/2 - (-3 - -6). Suppose 1 = r - l. Calculate the remainder when 6/r*(-14)/(-3) is divided by 3.
1
Calculate the remainder when (-210)/252 + 1 + 2842/12 is divided by 30.
27
Let r = -1 + -3. Let q be (-8)/(4/r - 0). Suppose q = 5*d - 67. Calculate the remainder when 57 is divided by d.
12
Suppose 0 = -2*d - 8, 2*y - 3*d = -8*d - 4. Suppose y = k + 3*k. Suppose 5*w + k*j - 65 = 5*j, 5*w - 55 = j. Calculate the remainder when 38 is divided by w.
8
Suppose 204*o - 183*o = 1071. What is the remainder when 212 is divided by o?
8
Suppose 19*r - 109 = 43. Suppose -3*o = -5 - 4. Calculate the remainder when r is divided by o.
2
Suppose -28*y - t = -27*y - 69, -y + 74 = 2*t. Calculate the remainder when 315 is divided by y.
59
Suppose 5*t - g - 2468 + 478 = 0, 1581 = 4*t - 3*g. What is the remainder when t is divided by 20?
19
Let t(x) = 7 - 30 + 3 + 5*x. Let q be t(6). Suppose q*h - 6*h - 216 = 0. Calculate the remainder when h is divided by 19.
16
What is the remainder when 25/20*1324 - -8 is divided by 49?
46
Suppose -4*v = 2*j - 68, 5*j - 35 - 21 = -4*v. Calculate the remainder when v is divided by 21/(-6)*(-24)/14.
1
Suppose 4*h = s - 38, -6*h + 148 = 5*s - 5*h. What is the remainder when 83 is divided by s?
23
Let n = 1022 - 958. What is the remainder when n is divided by 35?
29
Suppose 0 = -76*h + 73*h + 78. What is the remainder when 44 is divided by h?
18
Let a = -54 - -57. Suppose 4*i - 20 = -a*n + 5*i, 5*n - 48 = -2*i. What is the remainder when 19 is divided by n?
3
Suppose -136 = -6*z + 309 + 77. Suppose -2*c - 40 = 3*c. Let d = 14 - c. What is the remainder when z is divided by d?
21
Let z = 52 + -60. Let r(t) = t + 15. What is the remainder when r(z) is divided by 5?
2
Calculate the remainder when 142 is divided by (-188)/(-6) + 245/(-15) + 15.
22
Let d(x) = -x**3 - 14*x**2 + 4. Let l be d(-14). Let a be 7/((-14)/(-32)) + l. Calculate the remainder when (0 - -74)*10/a is divided by 20.
17
Let x be (-16)/(-2)*(-2)/(-8). Suppose 3*d + 3*z = -45 + 168, 77 = x*d + z. What is the remainder when d is divided by 19?
17
Suppose 0 = 3*p - 3*n - 141, 0*p - 4*n = 3*p - 106. Let h = -198 - -203. Calculate the remainder when p is divided by h.
2
Suppose -p = 3*f - 29, -14 = -3*f - 5. Suppose 3*a - 518 = -4*a. What is the remainder when a is divided by p?
14
Let j be 2*5 + (4 - 7). Suppose -j*i - 152 = -3*i. Let k = -26 - i. Calculate the remainder when 35 is divided by k.
11
Suppose 0 = -35*u - 48*u + 28386. Calculate the remainder when u is divided by 50.
42
Let n = 1 + 163. What is the remainder when n is divided by 42?
38
Suppose 1387 = 3*s + 5*i, -3*s + 0*i = -i - 1411. Calculate the remainder when s is divided by 34.
27
Let w be ((-28)/35)/(3/(-15)). Suppose 0 = -i - 4*k + 1 - w, 2*i + 6 = -5*k. Calculate the remainder when (345/(-45))/(1/i) is divided by 8.
7
Let x(p) = p**3 + 14*p**2 - 17*p - 7. Let g = -20 - -5. Suppose 0 = -2*t + 4*q - 8, -1 = -t + q - 0*q. What is the remainder when x(g) is divided by t?
5
Suppose c = 4*z - 9*z + 115, -46 = -3*z + 4*c. Suppose -5*w = 5*s - 55, 2*w + 0*w + 5*s = z. What is the remainder when 64 is divided by w?
9
Let t be 4/((-5)/(30/(-8))). Suppose 4*i = 3*r - 56, 43 + 31 = 5*r + 3*i. What is the remainder when (t/6)/((-1)/(-58)) is divided by r?
13
Let z(q) = 26*q - 225. What is the remainder when z(28) is divided by 84?
83
Suppose -58 - 62 = -5*z. Suppose 31 = 25*k - z*k. What is the remainder when k is divided by 19?
12
Suppose 210 = -4*f - 2*f. Let w = -14 - f. Let a(i) = -16*i - 2. What is the remainder when a(-4) is divided by w?
20
Suppose 7*h - 3*h = 52. Let k(f) = -f**2 - 4*f + 11. Let o be k(-6). What is the remainder when h is divided by o/(-4) - (-27)/4?
6
Suppose 94*m - 93*m = -2*a + 62, -5*m + 2*a = -238. Suppose 1 - 66 = -5*p. What is the remainder when m is divided by p?
11
Let g be (-14)/(-49) + 4/(-14). Suppose g*x + 4*x - 168 = 0. Let m(l) = 2*l - 4. Calculate the remainder when x is divided by m(13).
20
Suppose 598 + 247 = 5*s. Suppose -3*y - 159 = -4*f - 0*y, -4*f + 5*y + s = 0. Calculate the remainder when 26 is divided by ((f*-1)/(-4))/1.
8
Let g(j) = j**2 + 14*j - 19. Let i be g(-15). Let f = i + 13. Suppose -3*d + 6 = -f. What is the remainder when 6 is divided by d?
1
Let p(b) = b**3 - 10*b**2 + 10*b - 5. Let r be p(9). Let d = 70 - 40. Suppose -r*t + 5*t = d. What is the remainder when t is divided by 8?
6
Suppose -1275 = -5*h + 3*g, 751 = 33*h - 30*h + g. Calculate the remainder when h is divided by 61.
8
Suppose -d = -2*i - 0*d + 127, -4*i + 3*d = -251. Let f(y) = -3*y**2 + 24*y - 19. What is the remainder when i is divided by f(6)?
14
Let b = 54 - 41. Let q = 24 + -1. What is the remainder when q is divided by b?
10
Suppose 31*x - 434 = 279. Calculate the remainder when 196 is divided by x.
12
Let m(d) = -10*d + 605. What is the remainder when 123 is divided by m(56)?
33
Suppose -w - 3 = -20. Let i = -6 + 6. Suppose i = 4*g - 192 - 0. Calculate the remainder when g is divided by w.
14
Let c(u) = u**2 + 7*u + 14. Let v be ((-123)/9*-3)/(-1). Let i = 71 + v. Calculate the remainder when i is divided by c(-6).
6
Let a(z) = z**2 - 11. Let t be a(4). Suppose -t*x - 2 = -97. What is the remainder when x is divided by 5?
4
Let g = 636 - -453. Calculate the remainder when g is divided by 10.
9
Suppose -2*x = -5*w + 167, 2*x - 61 = -2*w - 3*x. Suppose 10*j = 7*j + w. Calculate the remainder when 1/((-230)/58 - -4) is divided by j.
7
Let g = 2 + 51. Let p = 18 - -10. What is the remainder when g is divided by p?
25
Calculate the remainder when -6 + 1290/6 + 5 is divided by 56.
46
What is the remainder when 60 is divided by (-3900)/(-270) + 8/(-18)?
4
Suppose -3*u + 4*u = 3. Suppose -3*l + 2*m = u*m - 141, 4*m = 12. Calculate the remainder when l is divided by (-1 - -4)/((-3)/(-16)).
14
Suppose -3*c + 6*c - 57 = 3*d, 3*c = -3*d + 87. Let u = c + -14. Let n = u - -12. What is the remainder when n is divided by 6?
4
What is the remainder when 103 is divided by 146/8 + 14/(-56)?
13
Let f(y) = -10*y**2 - 2*y + 5. Let c be f(-4). Let j = c + 350. What is the remainder when j is divided by 34?
33
Let l be (-2)/1*(-54 - 6). Suppose -11*x + l = -100. Calculate the remainder when 38 is divided by x.
18
Calculate the remainder when (101 - 1)*(-5 + (-3 - -9)) is divided by 35.
30
Let f = -2 + 6. Suppose -2*m + t + 1 = -m, 0 = -f*m - t + 14. Suppose 71 = l - 2*c - 0*c, 0 = -2*l - m*c + 135. What is the remainder when l is divided by 18?
15
Let q = -21 - -32. Suppose 0 = 3*y - 51*l + 46*l - 1, -4*y + 4*l = -12. Calculate the remainder when q is divided by y.
4
What is the remainder when (((-143)/(-8))/((-4)/(-8)))/((-6)/(-24)) is divided by 4*-2*(-37)/8?
32
Let u(z) = z**2 + 4*z. Let o be 52/14 - 8/(-28). Let q be u(o). Suppose 0 = 2*s - 2*j - q, 3*s - 56 = 3*j + 2*j. What is the remainder when s is divided by 7?
5
Calculate the remainder when (-376012)/(-390) + (-8)/60 is divided by 57.
52
Suppose -8*i = -214 + 70. Calculate the remainder when 69 is divided by i.
15
Let p be (26/(-42) + (-8)/(-28))*15. Let f(q) = 7*q + 55. Calculate the remainder when 36 is divided by f(p).
16
Suppose 235 = 21*z - 584. Let s = 111 + -65. Let j = -26 + s. What is the remainder when z is divided by j?
19
Let h(w) = w**2 + 10*w + 7. Let o = -83 - -131. Suppose v = 5*u + 6*v + 60, -4*u - o = 2*v. Calculate the remainder when h(u) is divided by 16.
15
Suppose -3*s = 9, -2*m - 5 + 23 = 2*s. What is the remainder when 851 is divided by m?
11
Let r(y) = -y**3 - 21*y**2 + 23*y + 48. Calculate the remainder when 231 is divided by r(-22).
23
Let c(z) = -16*z - 3. Let v be c(-2). Let n be (-77)/4 - (-4 + (-60)/(-16)). Le